{"id":1213,"date":"2019-04-15T14:23:01","date_gmt":"2019-04-15T12:23:01","guid":{"rendered":"http:\/\/ry0xytcrk.preview.infomaniak.website\/?page_id=1213"},"modified":"2026-09-04T11:58:24","modified_gmt":"2026-09-04T09:58:24","slug":"vacatures","status":"publish","type":"page","link":"https:\/\/www.fdss.be\/nl\/vacatures\/","title":{"rendered":"Vacatures"},"content":{"rendered":"<div class=\"su-animate\" style=\"opacity:0;-webkit-animation-duration:1s;-webkit-animation-delay:0s;animation-duration:1s;animation-delay:0s;\" data-animation=\"bounceInUp\" data-duration=\"1\" data-delay=\"0\"><\/div>\n<p><strong>Op deze pagina vindt u de vacatures van de FdSS en haar leden.<\/strong><\/p>\n<p>Aangezien onze federatie geen eigen sociale dienst heeft, kunnen we geen stageplaatsen voor maatschappelijk werkers aanbieden.<\/p>\n<p>We werken echter samen met sociale diensten in Brussel en Walloni\u00eb die u wellicht kunnen helpen.<\/p>\n<p>Wij geven de aanvragen niet door aan onze leden, maar nodigen u uit om hen te ontdekken en <a href=\"https:\/\/www.fdss.be\/nl\/lid\/\">contact met hen op te nemen<\/a>:<\/p>\n<ul>\n<li>In Brussel: wij verenigen <b>centra voor hulp aan personen<\/b> en <b>centra voor globale sociale actie<\/b>.<\/li>\n<li>In Walloni\u00eb: wij verenigen <b>centra voor sociale dienstverlening<\/b>, <b>lokale initiatieven voor de integratie van buitenlanders<\/b> en <b>diensten voor hulp en zorg aan prostituees<\/b>.<\/li>\n<\/ul>\n<p>&nbsp;<\/p>\n<div class=\"title_code\"><strong>ONZE VACATURES<\/strong><\/div>\n        <div class=\"content_code\">\n<p class=\"x_MsoNormal\">Er zijn momenteel geen aanbiedingen.<\/p>\n<\/div>\n<div class=\"title_code\"><strong>VACATURES VAN LEDEN EN PARTNERS<\/strong><\/div>\n        <div class=\"content_code\">\n<p><em>Deze vacature is opgesteld in het Frans.<\/em><\/p>\n<h2><strong>SERVICE DE SANTE MENTALE DU NORD ET CENTRE LUXEMBOURG engage\u00a0 1 psychologue clinicien\u00b7ne adulte<\/strong>\u00a0<strong>(H\/F\/X)<\/strong><\/h2>\n<p>CDD en vue d&#8217;1 CDI &#8211; 19h &#8211; Libramont<\/p>\n<p class=\"x_MsoNormal\">Candidatures avant le 30\/09<\/p>\n<p class=\"x_MsoNormal\"><a class=\"button\" href=\"https:\/\/www.leforem.be\/recherche-offres\/offre-detail\/2039132\" target=\"_blank\" rel=\"noopener\">Voir l&#8217;annonce<\/a><\/p>\n<p>&nbsp;<\/p>\n<p><em>Deze vacature is opgesteld in het Frans.<\/em><\/p>\n<h3><strong>Aide aux Personnes D\u00e9plac\u00e9es NAMUR engage\u00a0 1 assistant\u00b7e social\u00b7e (H\/F\/X)<\/strong><\/h3>\n<p>Contrat de remplacement &#8211; 4\/5\u00e8me ou temps plein &#8211; Namur<\/p>\n<p class=\"x_MsoNormal\">Candidatures avant le 4\/09<\/p>\n<p class=\"x_MsoNormal\"><a class=\"button\" href=\"https:\/\/www.fdss.be\/wp-content\/uploads\/Assistant.e-social.e-APD-Namur.pdf\" target=\"_blank\" rel=\"noopener\">Voir l&#8217;annonce<\/a><\/p>\n<h3><\/h3>\n<p><em>Deze vacature is opgesteld in het Frans.<\/em><\/p>\n<h3><strong>LA PORTE VERTE \u2013 SNIJBOONTJE asbl engage\u00a0 1 Coordinateur\u00b7trice de l\u2019Aide Alimentaire (H\/F\/X)<\/strong><\/h3>\n<p>CDI &#8211; Temps plein &#8211; Bruxelles<\/p>\n<p class=\"x_MsoNormal\">Candidatures avant le 4\/09<\/p>\n<p class=\"x_MsoNormal\"><a class=\"button\" href=\"https:\/\/www.porteverte-snijboontje.be\/kcfinder\/upload\/files\/202608%20-%20Offre%20d%27emploi%20-%20Coordination%20aide%20alimentaire.pdf\" target=\"_blank\" rel=\"noopener\">Voir l&#8217;annonce<\/a><\/p>\n<p>&nbsp;<\/p>\n<p><em>Deze vacature is opgesteld in het Frans.<\/em><\/p>\n<h3><strong>LA PORTE VERTE \u2013 SNIJBOONTJE asbl engage\u00a0 1 Charg\u00e9\u00b7e de Communication et R\u00e9colte de Fonds (H\/F\/X)<\/strong><\/h3>\n<p>CDI &#8211; Mi-temps &#8211; Bruxelles<\/p>\n<p class=\"x_MsoNormal\">Candidatures avant le 4\/09<\/p>\n<p class=\"x_MsoNormal\"><a class=\"button\" href=\"https:\/\/www.porteverte-snijboontje.be\/kcfinder\/upload\/files\/202608%20-%20Offre%20d%27emploi%20-%20Charg%C3%A9%28e%29%20de%20communication.pdf\" target=\"_blank\" rel=\"noopener\">Voir l&#8217;annonce<\/a><\/p>\n<p>&nbsp;<\/p>\n<p><em>Deze vacature is opgesteld in het Frans.<\/em><\/p>\n<h3><strong>T\u00e9l\u00e9-Accueil Li\u00e8ge est \u00e0 la recherche d&#8217;\u00e9coutants b\u00e9n\u00e9voles <\/strong><strong>(h\/f\/x)<\/strong><\/h3>\n<p>Li\u00e8ge<\/p>\n<p><a class=\"button\" href=\"https:\/\/www.fdss.be\/wp-content\/uploads\/Article-Tele-Accueil-Liege.docx\" target=\"_blank\" rel=\"noopener\">Voir l&#8217;annonce<\/a><\/p>\n<p>&nbsp;<\/p>\n<p>&nbsp;<\/p>\n<\/div>\n","protected":false},"excerpt":{"rendered":"<p>Op deze pagina vindt u de vacatures van de FdSS en haar leden. Aangezien onze federatie geen eigen sociale dienst heeft, kunnen we geen stageplaatsen voor maatschappelijk werkers aanbieden. We werken echter samen met sociale diensten in Brussel en Walloni\u00eb die u wellicht kunnen helpen. Wij geven de aanvragen niet door aan onze leden, maar [&hellip;]<\/p>\n","protected":false},"author":1,"featured_media":13101,"parent":0,"menu_order":94,"comment_status":"closed","ping_status":"closed","template":"","meta":{"_acf_changed":false,"footnotes":""},"class_list":["post-1213","page","type-page","status-publish","has-post-thumbnail","hentry"],"acf":[],"_links":{"self":[{"href":"https:\/\/www.fdss.be\/nl\/wp-json\/wp\/v2\/pages\/1213","targetHints":{"allow":["GET"]}}],"collection":[{"href":"https:\/\/www.fdss.be\/nl\/wp-json\/wp\/v2\/pages"}],"about":[{"href":"https:\/\/www.fdss.be\/nl\/wp-json\/wp\/v2\/types\/page"}],"author":[{"embeddable":true,"href":"https:\/\/www.fdss.be\/nl\/wp-json\/wp\/v2\/users\/1"}],"replies":[{"embeddable":true,"href":"https:\/\/www.fdss.be\/nl\/wp-json\/wp\/v2\/comments?post=1213"}],"version-history":[{"count":88,"href":"https:\/\/www.fdss.be\/nl\/wp-json\/wp\/v2\/pages\/1213\/revisions"}],"predecessor-version":[{"id":15324,"href":"https:\/\/www.fdss.be\/nl\/wp-json\/wp\/v2\/pages\/1213\/revisions\/15324"}],"wp:featuredmedia":[{"embeddable":true,"href":"https:\/\/www.fdss.be\/nl\/wp-json\/wp\/v2\/media\/13101"}],"wp:attachment":[{"href":"https:\/\/www.fdss.be\/nl\/wp-json\/wp\/v2\/media?parent=1213"}],"curies":[{"name":"wp","href":"https:\/\/api.w.org\/{rel}","templated":true}]}}

<div class="su-animate" style="opacity:0;-webkit-animation-duration:1s;-webkit-animation-delay:0s;animation-duration:1s;animation-delay:0s;" data-animation="bounceInUp" data-duration="1" data-delay="0"></div>
<p><strong>Op deze pagina vindt u de vacatures van de FdSS en haar leden.</strong></p>
<p>Aangezien onze federatie geen eigen sociale dienst heeft, kunnen we geen stageplaatsen voor maatschappelijk werkers aanbieden.</p>
<p>We werken echter samen met sociale diensten in Brussel en Wallonië die u wellicht kunnen helpen.</p>
<p>Wij geven de aanvragen niet door aan onze leden, maar nodigen u uit om hen te ontdekken en <a href="https://www.fdss.be/nl/lid/">contact met hen op te nemen</a>:</p>
<ul>
<li>In Brussel: wij verenigen <b>centra voor hulp aan personen</b> en <b>centra voor globale sociale actie</b>.</li>
<li>In Wallonië: wij verenigen <b>centra voor sociale dienstverlening</b>, <b>lokale initiatieven voor de integratie van buitenlanders</b> en <b>diensten voor hulp en zorg aan prostituees</b>.</li>
</ul>
<p>&nbsp;</p>
<div class="title_code"><strong>ONZE VACATURES</strong></div>
        <div class="content_code">
<p class="x_MsoNormal">Er zijn momenteel geen aanbiedingen.</p>
</div>
<div class="title_code"><strong>VACATURES VAN LEDEN EN PARTNERS</strong></div>
        <div class="content_code">
<p><em>Deze vacature is opgesteld in het Frans.</em></p>
<h2><strong>SERVICE DE SANTE MENTALE DU NORD ET CENTRE LUXEMBOURG engage  1 psychologue clinicien·ne adulte</strong> <strong>(H/F/X)</strong></h2>
<p>CDD en vue d&#8217;1 CDI &#8211; 19h &#8211; Libramont</p>
<p class="x_MsoNormal">Candidatures avant le 30/09</p>
<p class="x_MsoNormal"><a class="button" href="https://www.leforem.be/recherche-offres/offre-detail/2039132" target="_blank" rel="noopener">Voir l&#8217;annonce</a></p>
<p>&nbsp;</p>
<p><em>Deze vacature is opgesteld in het Frans.</em></p>
<h3><strong>Aide aux Personnes Déplacées NAMUR engage  1 assistant·e social·e (H/F/X)</strong></h3>
<p>Contrat de remplacement &#8211; 4/5ème ou temps plein &#8211; Namur</p>
<p class="x_MsoNormal">Candidatures avant le 4/09</p>
<p class="x_MsoNormal"><a class="button" href="https://www.fdss.be/wp-content/uploads/Assistant.e-social.e-APD-Namur.pdf" target="_blank" rel="noopener">Voir l&#8217;annonce</a></p>
<h3></h3>
<p><em>Deze vacature is opgesteld in het Frans.</em></p>
<h3><strong>LA PORTE VERTE – SNIJBOONTJE asbl engage  1 Coordinateur·trice de l’Aide Alimentaire (H/F/X)</strong></h3>
<p>CDI &#8211; Temps plein &#8211; Bruxelles</p>
<p class="x_MsoNormal">Candidatures avant le 4/09</p>
<p class="x_MsoNormal"><a class="button" href="https://www.porteverte-snijboontje.be/kcfinder/upload/files/202608%20-%20Offre%20d%27emploi%20-%20Coordination%20aide%20alimentaire.pdf" target="_blank" rel="noopener">Voir l&#8217;annonce</a></p>
<p>&nbsp;</p>
<p><em>Deze vacature is opgesteld in het Frans.</em></p>
<h3><strong>LA PORTE VERTE – SNIJBOONTJE asbl engage  1 Chargé·e de Communication et Récolte de Fonds (H/F/X)</strong></h3>
<p>CDI &#8211; Mi-temps &#8211; Bruxelles</p>
<p class="x_MsoNormal">Candidatures avant le 4/09</p>
<p class="x_MsoNormal"><a class="button" href="https://www.porteverte-snijboontje.be/kcfinder/upload/files/202608%20-%20Offre%20d%27emploi%20-%20Charg%C3%A9%28e%29%20de%20communication.pdf" target="_blank" rel="noopener">Voir l&#8217;annonce</a></p>
<p>&nbsp;</p>
<p><em>Deze vacature is opgesteld in het Frans.</em></p>
<h3><strong>Télé-Accueil Liège est à la recherche d&#8217;écoutants bénévoles </strong><strong>(h/f/x)</strong></h3>
<p>Liège</p>
<p><a class="button" href="https://www.fdss.be/wp-content/uploads/Article-Tele-Accueil-Liege.docx" target="_blank" rel="noopener">Voir l&#8217;annonce</a></p>
<p>&nbsp;</p>
<p>&nbsp;</p>
</div>

<p>Op deze pagina vindt u de vacatures van de FdSS en haar leden. Aangezien onze federatie geen eigen sociale dienst heeft, kunnen we geen stageplaatsen voor maatschappelijk werkers aanbieden. We werken echter samen met sociale diensten in Brussel en Wallonië die u wellicht kunnen helpen. Wij geven de aanvragen niet door aan onze leden, maar [&hellip;]</p>
