{"id":14513,"date":"2026-02-10T15:00:18","date_gmt":"2026-02-10T14:00:18","guid":{"rendered":"https:\/\/www.fdss.be\/?page_id=14513"},"modified":"2026-02-16T15:35:40","modified_gmt":"2026-02-16T14:35:40","slug":"frigovide-presse","status":"publish","type":"page","link":"https:\/\/www.fdss.be\/fr\/frigovide-presse\/","title":{"rendered":"Op\u00e9ration #FrigoVide &#8211; dossier de presse"},"content":{"rendered":"<p><strong>D\u00e8s ce lundi 16 f\u00e9vrier, les acteurs de l\u2019aide alimentaire en Wallonie et \u00e0 Bruxelles lancent #FrigoVide, une campagne destin\u00e9e \u00e0 visibiliser l\u2019explosion de la pr\u00e9carit\u00e9 alimentaire en Belgique et l\u2019\u00e9puisement des services qui tentent d\u2019y r\u00e9pondre. Une carte blanche sign\u00e9e collectivement et <a href=\"https:\/\/www.lalibre.be\/debats\/opinions\/2026\/02\/12\/une-deferlante-dans-laide-alimentaire-lurgence-que-personne-ne-veut-voir-RLGQPWJXJBGG5PKBQL2TV6LWCY\/\">publi\u00e9e dans La Libre<\/a>, appelle les gouvernements \u00e0 prendre des mesures urgentes.<\/strong><\/p>\n<p><a class=\"button\" href=\"https:\/\/www.fdss.be\/frigovide\">Page de la campagne\u00a0<\/a><\/p>\n<p>&nbsp;<\/p>\n<p><a href=\"https:\/\/www.fdss.be\/wp-content\/uploads\/260205_CB_FrigoVide_FR.pdf\"><img loading=\"lazy\" decoding=\"async\" class=\"alignleft wp-image-14532\" src=\"https:\/\/www.fdss.be\/wp-content\/uploads\/Capture-decran-2026-02-10-175105-351x500.png\" alt=\"\" width=\"91\" height=\"130\" srcset=\"https:\/\/www.fdss.be\/wp-content\/uploads\/Capture-decran-2026-02-10-175105-351x500.png 351w, https:\/\/www.fdss.be\/wp-content\/uploads\/Capture-decran-2026-02-10-175105-105x150.png 105w, https:\/\/www.fdss.be\/wp-content\/uploads\/Capture-decran-2026-02-10-175105.png 505w\" sizes=\"auto, (max-width: 91px) 100vw, 91px\" \/><\/a><\/p>\n<h4>Carte blanche collective<\/h4>\n<p>\u00ab\u00a0Une d\u00e9ferlante dans l\u2019aide alimentaire : l\u2019urgence que personne ne veut voir\u00a0\u00bb<br \/>\n<em>R\u00e9colte des signatures en cours, \u00e0 ce jour plus de 150 organisations signataires<\/em><\/p>\n<p><a class=\"button\" href=\"https:\/\/www.fdss.be\/wp-content\/uploads\/260205_CB_FrigoVide_FR.pdf\">Consulter <\/a><\/p>\n<p>&nbsp;<\/p>\n<p><a href=\"https:\/\/www.fdss.be\/wp-content\/uploads\/260203_CP_FrigoVide_VFINALE.pdf\"><img loading=\"lazy\" decoding=\"async\" class=\"alignleft wp-image-14533\" src=\"https:\/\/www.fdss.be\/wp-content\/uploads\/Capture-decran-2026-02-10-175821-349x500.png\" alt=\"\" width=\"91\" height=\"130\" srcset=\"https:\/\/www.fdss.be\/wp-content\/uploads\/Capture-decran-2026-02-10-175821-349x500.png 349w, https:\/\/www.fdss.be\/wp-content\/uploads\/Capture-decran-2026-02-10-175821-105x150.png 105w, https:\/\/www.fdss.be\/wp-content\/uploads\/Capture-decran-2026-02-10-175821.png 531w\" sizes=\"auto, (max-width: 91px) 100vw, 91px\" \/><\/a><\/p>\n<h4>Communiqu\u00e9 de presse<\/h4>\n<p>\u00ab\u00a0Campagne #FrigoVide : \u00e0 bout de souffle, le secteur de l\u2019aide alimentaire se mobilise\u00a0\u00bb<\/p>\n<p><a class=\"button\" href=\"https:\/\/www.fdss.be\/wp-content\/uploads\/260203_CP_FrigoVide_finale.pdf\">Consulter<\/a><\/p>\n<h2>Visuels<\/h2>\n<p><a class=\"button\" href=\"https:\/\/feddesservicessociaux.sharepoint.com\/:f:\/s\/PartageExterne\/IgBBuXkU8U3pT45QfLg0eNgtAUvIQODC9S3kicDKoACf9ec?e=y8SYWz\">T\u00e9l\u00e9chargeable ici<\/a><\/p>\n<div class=\"su-custom-gallery su-custom-gallery-align-left su-custom-gallery-title-never su-lightbox-gallery\"><div class=\"su-custom-gallery-slide\" style=\"width:110px;height:110px\"><a href=\"https:\/\/www.fdss.be\/wp-content\/uploads\/FrigoVide_services2.jpg.jpg\" target=\"_blank\" title=\"FrigoVide_services2.jpg\"><img loading=\"lazy\" decoding=\"async\" src=\"https:\/\/www.fdss.be\/wp-content\/uploads\/FrigoVide_services2.jpg-110x110.jpg\" alt=\"FrigoVide_services2.jpg\" width=\"110\" height=\"110\" \/><span class=\"su-custom-gallery-title\">FrigoVide_services2.jpg<\/span><\/a><\/div><div class=\"su-custom-gallery-slide\" style=\"width:110px;height:110px\"><a href=\"https:\/\/www.fdss.be\/wp-content\/uploads\/FrigoVide_services4.jpg\" target=\"_blank\" title=\"FrigoVide_services4\"><img loading=\"lazy\" decoding=\"async\" src=\"https:\/\/www.fdss.be\/wp-content\/uploads\/FrigoVide_services4-110x110.jpg\" alt=\"FrigoVide_services4\" width=\"110\" height=\"110\" \/><span class=\"su-custom-gallery-title\">FrigoVide_services4<\/span><\/a><\/div><div class=\"su-custom-gallery-slide\" style=\"width:110px;height:110px\"><a href=\"https:\/\/www.fdss.be\/wp-content\/uploads\/2026_CAA_FrigoVide_banner-site-820x300_V01-1.jpg\" target=\"_blank\" title=\"2026_CAA_FrigoVide_banner-site-820x300_V01\"><img loading=\"lazy\" decoding=\"async\" src=\"https:\/\/www.fdss.be\/wp-content\/uploads\/2026_CAA_FrigoVide_banner-site-820x300_V01-1-110x110.jpg\" alt=\"2026_CAA_FrigoVide_banner-site-820x300_V01\" width=\"110\" height=\"110\" \/><span class=\"su-custom-gallery-title\">2026_CAA_FrigoVide_banner-site-820x300_V01<\/span><\/a><\/div><div class=\"su-custom-gallery-slide\" style=\"width:110px;height:110px\"><a href=\"https:\/\/www.fdss.be\/wp-content\/uploads\/Frigo-Vide_Visuel4-1.jpg\" target=\"_blank\" title=\"Frigo-Vide_Visuel4\"><img loading=\"lazy\" decoding=\"async\" src=\"https:\/\/www.fdss.be\/wp-content\/uploads\/Frigo-Vide_Visuel4-1-110x110.jpg\" alt=\"Frigo-Vide_Visuel4\" width=\"110\" height=\"110\" \/><span class=\"su-custom-gallery-title\">Frigo-Vide_Visuel4<\/span><\/a><\/div><div class=\"su-custom-gallery-slide\" style=\"width:110px;height:110px\"><a href=\"https:\/\/www.fdss.be\/wp-content\/uploads\/Frigo-Vide_Visuel1-scaled.jpg\" target=\"_blank\" title=\"Frigo-Vide_Visuel1\"><img loading=\"lazy\" decoding=\"async\" src=\"https:\/\/www.fdss.be\/wp-content\/uploads\/Frigo-Vide_Visuel1-scaled.jpg\" alt=\"Frigo-Vide_Visuel1\" width=\"110\" height=\"110\" \/><span class=\"su-custom-gallery-title\">Frigo-Vide_Visuel1<\/span><\/a><\/div><div class=\"su-custom-gallery-slide\" style=\"width:110px;height:110px\"><a href=\"https:\/\/www.fdss.be\/wp-content\/uploads\/Frigo-Vide_Logo.jpg\" target=\"_blank\" title=\"Frigo-Vide_Logo\"><img loading=\"lazy\" decoding=\"async\" src=\"https:\/\/www.fdss.be\/wp-content\/uploads\/Frigo-Vide_Logo-110x110.jpg\" alt=\"Frigo-Vide_Logo\" width=\"110\" height=\"110\" \/><span class=\"su-custom-gallery-title\">Frigo-Vide_Logo<\/span><\/a><\/div><div class=\"su-custom-gallery-slide\" style=\"width:110px;height:110px\"><a href=\"https:\/\/www.fdss.be\/wp-content\/uploads\/Frigo-Vide_Visuel6.png\" target=\"_blank\" title=\"Frigo-Vide_Visuel6\"><img loading=\"lazy\" decoding=\"async\" src=\"https:\/\/www.fdss.be\/wp-content\/uploads\/Frigo-Vide_Visuel6-110x110.png\" alt=\"Frigo-Vide_Visuel6\" width=\"110\" height=\"110\" \/><span class=\"su-custom-gallery-title\">Frigo-Vide_Visuel6<\/span><\/a><\/div><div class=\"su-custom-gallery-slide\" style=\"width:110px;height:110px\"><a href=\"https:\/\/www.fdss.be\/wp-content\/uploads\/Frigo-Vide_Visuel5.png\" target=\"_blank\" title=\"Frigo-Vide_Visuel5\"><img loading=\"lazy\" decoding=\"async\" src=\"https:\/\/www.fdss.be\/wp-content\/uploads\/Frigo-Vide_Visuel5-110x110.png\" alt=\"Frigo-Vide_Visuel5\" width=\"110\" height=\"110\" \/><span class=\"su-custom-gallery-title\">Frigo-Vide_Visuel5<\/span><\/a><\/div><div class=\"su-clear\"><\/div><\/div>\n<h2>POINTS PRESSE \u2013 16 F\u00c9VRIER 2026<\/h2>\n<p>Images, t\u00e9moignages et interviews seront possibles dans des lieux de distribution alimentaire, au c\u0153ur m\u00eame de la r\u00e9alit\u00e9 du terrain.<\/p>\n<p>Merci de contacter l\u2019une des contacts presse au pr\u00e9alable pour signaler votre venue.<\/p>\n<p>&nbsp;<\/p>\n<ul>\n<li><strong>BRUXELLES \u2013 ASEB <\/strong><strong>(ASSOCIATION POUR LA SOLIDARIT\u00c9 \u00c9TUDIANTE EN BELGIQUE)<\/strong><\/li>\n<\/ul>\n<p>Distribution tous les lundis de 14 \u00e0 17h &#8211; <strong>Point presse d\u00e8s 13h45<\/strong><br \/>\nInterviews : Coordinatrice de l\u2019ASEB, repr\u00e9sentante de la Concertation Aide Alimentaire, \u00e9tudiant\u00b7e\u00b7s qui se pr\u00e9sentent (sous r\u00e9serve d&rsquo;accord de ceux-ci)<\/p>\n<p><em>Campus CERIA &#8211; <\/em><em>rue des grives 47, 1070 Anderlecht &#8211; <\/em><a href=\"https:\/\/www.aseb.be\/\"><em>https:\/\/www.aseb.be\/<\/em><\/a><\/p>\n<ul>\n<li><strong>NAMUR \u2013 LA MAIN TENDUE<\/strong><\/li>\n<\/ul>\n<p>Distribution de 14h \u00e0 16h (la file se forme d\u00e8s 13h) &#8211; <strong>Point presse d\u00e8s 13h45<\/strong><\/p>\n<p>Interviews : Coordinatrice de La Main Tendue, repr\u00e9sentante de la Concertation Aide Alimentaire, b\u00e9n\u00e9ficiaires qui se pr\u00e9sentent (sous r\u00e9serve d&rsquo;accord de ceux-ci)<\/p>\n<p><em>Rue Piret Pauchet, 57 5000 Namur &#8211; <\/em><a href=\"https:\/\/www.unemaintendue.be\/\"><em>https:\/\/www.unemaintendue.be\/<\/em><\/a><\/p>\n<p>&nbsp;<\/p>\n<p><strong>M\u00e9dias locaux\u00a0:<\/strong> possibilit\u00e9 d\u2019organiser un point presse dans un service d\u2019aide alimentaire de votre localit\u00e9, n\u2019h\u00e9sitez pas \u00e0 prendre contact avec nous pour l\u2019organiser.<\/p>\n<h2>CONTACTS PRESSE<\/h2>\n<p><strong>CONCERTATION AIDE ALIMENTAIRE (PROJET PORT\u00c9 PAR LA F\u00c9D\u00c9RATION DES SERVICES SOCIAUX)<\/strong><\/p>\n<ul>\n<li><strong>Lorraine Launois |<\/strong> 0498 17 52 57 <strong>|<\/strong> <a href=\"m&#97;&#x69;&#x6c;&#x74;o&#58;&#108;&#x6f;&#x72;r&#97;&#105;&#x6e;&#x65;&#46;l&#97;&#x75;&#x6e;&#x6f;i&#115;&#x40;&#x66;&#x64;s&#115;&#46;&#x62;&#x65;\">&#x6c;o&#x72;&#114;a&#x69;&#110;&#x65;&#46;l&#x61;&#117;&#x6e;&#111;i&#x73;&#64;&#x66;&#x64;s&#x73;&#46;b&#x65;<\/a><\/li>\n<\/ul>\n<p><em>(Jusqu\u2019au 15 f\u00e9vrier)<\/em><\/p>\n<ul>\n<li><strong>Brigitte Grisar<\/strong> <strong>|<\/strong> 0472 47 30 74 <strong>|<\/strong> <a href=\"&#x6d;&#97;i&#x6c;&#116;o&#x3a;&#x62;&#114;&#x69;&#x67;&#105;t&#x74;&#101;&#46;&#x67;&#x72;&#105;&#x73;&#x61;&#114;&#64;&#x66;&#100;s&#x73;&#x2e;&#98;&#x65;\">&#98;r&#x69;g&#x69;t&#x74;e&#x2e;g&#x72;i&#x73;&#97;&#x72;&#64;&#x66;&#100;&#x73;&#115;&#x2e;&#98;&#x65;<\/a><\/li>\n<\/ul>\n<p><em>(\u00c0 partir du 16 f\u00e9vrier et durant toute la campagne)<\/em><\/p>\n<p>&nbsp;<\/p>\n<p><strong>CHARG\u00c9E DE COMMUNICATION (FDSS)<\/strong><\/p>\n<ul>\n<li><strong>Jo\u00eblle Van Laethem<\/strong> <strong>|<\/strong> 0474 74 67 40 <strong>|<\/strong> <a href=\"m&#97;&#x69;&#x6c;t&#111;&#58;&#x6a;&#x6f;e&#108;&#x6c;&#x65;&#46;&#118;&#97;&#x6e;&#x6c;a&#101;&#x74;&#x68;e&#109;&#64;&#x66;&#x64;s&#115;&#x2e;&#x62;e\">&#106;&#x6f;&#101;&#x6c;&#108;&#x65;&#46;&#x76;&#97;&#x6e;&#108;&#x61;e&#x74;h&#x65;m&#x40;f&#x64;s&#x73;&#46;&#98;&#x65;<\/a><\/li>\n<\/ul>\n<p>&nbsp;<\/p>\n<p>&nbsp;<\/p>\n<p>&nbsp;<\/p>\n","protected":false},"excerpt":{"rendered":"<p>D\u00e8s ce lundi 16 f\u00e9vrier, les acteurs de l\u2019aide alimentaire en Wallonie et \u00e0 Bruxelles lancent #FrigoVide, une campagne destin\u00e9e \u00e0 visibiliser l\u2019explosion de la pr\u00e9carit\u00e9 alimentaire en Belgique et l\u2019\u00e9puisement des services qui tentent d\u2019y r\u00e9pondre. Une carte blanche sign\u00e9e collectivement et publi\u00e9e dans La Libre, appelle les gouvernements \u00e0 prendre des mesures urgentes. [&hellip;]<\/p>\n","protected":false},"author":4,"featured_media":0,"parent":0,"menu_order":0,"comment_status":"closed","ping_status":"closed","template":"","meta":{"_acf_changed":false,"footnotes":""},"class_list":["post-14513","page","type-page","status-publish","hentry"],"acf":[],"_links":{"self":[{"href":"https:\/\/www.fdss.be\/fr\/wp-json\/wp\/v2\/pages\/14513","targetHints":{"allow":["GET"]}}],"collection":[{"href":"https:\/\/www.fdss.be\/fr\/wp-json\/wp\/v2\/pages"}],"about":[{"href":"https:\/\/www.fdss.be\/fr\/wp-json\/wp\/v2\/types\/page"}],"author":[{"embeddable":true,"href":"https:\/\/www.fdss.be\/fr\/wp-json\/wp\/v2\/users\/4"}],"replies":[{"embeddable":true,"href":"https:\/\/www.fdss.be\/fr\/wp-json\/wp\/v2\/comments?post=14513"}],"version-history":[{"count":42,"href":"https:\/\/www.fdss.be\/fr\/wp-json\/wp\/v2\/pages\/14513\/revisions"}],"predecessor-version":[{"id":14607,"href":"https:\/\/www.fdss.be\/fr\/wp-json\/wp\/v2\/pages\/14513\/revisions\/14607"}],"wp:attachment":[{"href":"https:\/\/www.fdss.be\/fr\/wp-json\/wp\/v2\/media?parent=14513"}],"curies":[{"name":"wp","href":"https:\/\/api.w.org\/{rel}","templated":true}]}}

Opération #FrigoVide &#8211; dossier de presse

<p><strong>Dès ce lundi 16 février, les acteurs de l’aide alimentaire en Wallonie et à Bruxelles lancent #FrigoVide, une campagne destinée à visibiliser l’explosion de la précarité alimentaire en Belgique et l’épuisement des services qui tentent d’y répondre. Une carte blanche signée collectivement et <a href="https://www.lalibre.be/debats/opinions/2026/02/12/une-deferlante-dans-laide-alimentaire-lurgence-que-personne-ne-veut-voir-RLGQPWJXJBGG5PKBQL2TV6LWCY/">publiée dans La Libre</a>, appelle les gouvernements à prendre des mesures urgentes.</strong></p>
<p><a class="button" href="https://www.fdss.be/frigovide">Page de la campagne </a></p>
<p>&nbsp;</p>
<p><a href="https://www.fdss.be/wp-content/uploads/260205_CB_FrigoVide_FR.pdf"><img loading="lazy" decoding="async" class="alignleft wp-image-14532" src="https://www.fdss.be/wp-content/uploads/Capture-decran-2026-02-10-175105-351x500.png" alt="" width="91" height="130" srcset="https://www.fdss.be/wp-content/uploads/Capture-decran-2026-02-10-175105-351x500.png 351w, https://www.fdss.be/wp-content/uploads/Capture-decran-2026-02-10-175105-105x150.png 105w, https://www.fdss.be/wp-content/uploads/Capture-decran-2026-02-10-175105.png 505w" sizes="auto, (max-width: 91px) 100vw, 91px" /></a></p>
<h4>Carte blanche collective</h4>
<p>« Une déferlante dans l’aide alimentaire : l’urgence que personne ne veut voir »<br />
<em>Récolte des signatures en cours, à ce jour plus de 150 organisations signataires</em></p>
<p><a class="button" href="https://www.fdss.be/wp-content/uploads/260205_CB_FrigoVide_FR.pdf">Consulter </a></p>
<p>&nbsp;</p>
<p><a href="https://www.fdss.be/wp-content/uploads/260203_CP_FrigoVide_VFINALE.pdf"><img loading="lazy" decoding="async" class="alignleft wp-image-14533" src="https://www.fdss.be/wp-content/uploads/Capture-decran-2026-02-10-175821-349x500.png" alt="" width="91" height="130" srcset="https://www.fdss.be/wp-content/uploads/Capture-decran-2026-02-10-175821-349x500.png 349w, https://www.fdss.be/wp-content/uploads/Capture-decran-2026-02-10-175821-105x150.png 105w, https://www.fdss.be/wp-content/uploads/Capture-decran-2026-02-10-175821.png 531w" sizes="auto, (max-width: 91px) 100vw, 91px" /></a></p>
<h4>Communiqué de presse</h4>
<p>« Campagne #FrigoVide : à bout de souffle, le secteur de l’aide alimentaire se mobilise »</p>
<p><a class="button" href="https://www.fdss.be/wp-content/uploads/260203_CP_FrigoVide_finale.pdf">Consulter</a></p>
<h2>Visuels</h2>
<p><a class="button" href="https://feddesservicessociaux.sharepoint.com/:f:/s/PartageExterne/IgBBuXkU8U3pT45QfLg0eNgtAUvIQODC9S3kicDKoACf9ec?e=y8SYWz">Téléchargeable ici</a></p>
<div class="su-custom-gallery su-custom-gallery-align-left su-custom-gallery-title-never su-lightbox-gallery"><div class="su-custom-gallery-slide" style="width:110px;height:110px"><a href="https://www.fdss.be/wp-content/uploads/FrigoVide_services2.jpg.jpg" target="_blank" title="FrigoVide_services2.jpg"><img loading="lazy" decoding="async" src="https://www.fdss.be/wp-content/uploads/FrigoVide_services2.jpg-110x110.jpg" alt="FrigoVide_services2.jpg" width="110" height="110" /><span class="su-custom-gallery-title">FrigoVide_services2.jpg</span></a></div><div class="su-custom-gallery-slide" style="width:110px;height:110px"><a href="https://www.fdss.be/wp-content/uploads/FrigoVide_services4.jpg" target="_blank" title="FrigoVide_services4"><img loading="lazy" decoding="async" src="https://www.fdss.be/wp-content/uploads/FrigoVide_services4-110x110.jpg" alt="FrigoVide_services4" width="110" height="110" /><span class="su-custom-gallery-title">FrigoVide_services4</span></a></div><div class="su-custom-gallery-slide" style="width:110px;height:110px"><a href="https://www.fdss.be/wp-content/uploads/2026_CAA_FrigoVide_banner-site-820x300_V01-1.jpg" target="_blank" title="2026_CAA_FrigoVide_banner-site-820x300_V01"><img loading="lazy" decoding="async" src="https://www.fdss.be/wp-content/uploads/2026_CAA_FrigoVide_banner-site-820x300_V01-1-110x110.jpg" alt="2026_CAA_FrigoVide_banner-site-820x300_V01" width="110" height="110" /><span class="su-custom-gallery-title">2026_CAA_FrigoVide_banner-site-820x300_V01</span></a></div><div class="su-custom-gallery-slide" style="width:110px;height:110px"><a href="https://www.fdss.be/wp-content/uploads/Frigo-Vide_Visuel4-1.jpg" target="_blank" title="Frigo-Vide_Visuel4"><img loading="lazy" decoding="async" src="https://www.fdss.be/wp-content/uploads/Frigo-Vide_Visuel4-1-110x110.jpg" alt="Frigo-Vide_Visuel4" width="110" height="110" /><span class="su-custom-gallery-title">Frigo-Vide_Visuel4</span></a></div><div class="su-custom-gallery-slide" style="width:110px;height:110px"><a href="https://www.fdss.be/wp-content/uploads/Frigo-Vide_Visuel1-scaled.jpg" target="_blank" title="Frigo-Vide_Visuel1"><img loading="lazy" decoding="async" src="https://www.fdss.be/wp-content/uploads/Frigo-Vide_Visuel1-scaled.jpg" alt="Frigo-Vide_Visuel1" width="110" height="110" /><span class="su-custom-gallery-title">Frigo-Vide_Visuel1</span></a></div><div class="su-custom-gallery-slide" style="width:110px;height:110px"><a href="https://www.fdss.be/wp-content/uploads/Frigo-Vide_Logo.jpg" target="_blank" title="Frigo-Vide_Logo"><img loading="lazy" decoding="async" src="https://www.fdss.be/wp-content/uploads/Frigo-Vide_Logo-110x110.jpg" alt="Frigo-Vide_Logo" width="110" height="110" /><span class="su-custom-gallery-title">Frigo-Vide_Logo</span></a></div><div class="su-custom-gallery-slide" style="width:110px;height:110px"><a href="https://www.fdss.be/wp-content/uploads/Frigo-Vide_Visuel6.png" target="_blank" title="Frigo-Vide_Visuel6"><img loading="lazy" decoding="async" src="https://www.fdss.be/wp-content/uploads/Frigo-Vide_Visuel6-110x110.png" alt="Frigo-Vide_Visuel6" width="110" height="110" /><span class="su-custom-gallery-title">Frigo-Vide_Visuel6</span></a></div><div class="su-custom-gallery-slide" style="width:110px;height:110px"><a href="https://www.fdss.be/wp-content/uploads/Frigo-Vide_Visuel5.png" target="_blank" title="Frigo-Vide_Visuel5"><img loading="lazy" decoding="async" src="https://www.fdss.be/wp-content/uploads/Frigo-Vide_Visuel5-110x110.png" alt="Frigo-Vide_Visuel5" width="110" height="110" /><span class="su-custom-gallery-title">Frigo-Vide_Visuel5</span></a></div><div class="su-clear"></div></div>
<h2>POINTS PRESSE – 16 FÉVRIER 2026</h2>
<p>Images, témoignages et interviews seront possibles dans des lieux de distribution alimentaire, au cœur même de la réalité du terrain.</p>
<p>Merci de contacter l’une des contacts presse au préalable pour signaler votre venue.</p>
<p>&nbsp;</p>
<ul>
<li><strong>BRUXELLES – ASEB </strong><strong>(ASSOCIATION POUR LA SOLIDARITÉ ÉTUDIANTE EN BELGIQUE)</strong></li>
</ul>
<p>Distribution tous les lundis de 14 à 17h &#8211; <strong>Point presse dès 13h45</strong><br />
Interviews : Coordinatrice de l’ASEB, représentante de la Concertation Aide Alimentaire, étudiant·e·s qui se présentent (sous réserve d&rsquo;accord de ceux-ci)</p>
<p><em>Campus CERIA &#8211; </em><em>rue des grives 47, 1070 Anderlecht &#8211; </em><a href="https://www.aseb.be/"><em>https://www.aseb.be/</em></a></p>
<ul>
<li><strong>NAMUR – LA MAIN TENDUE</strong></li>
</ul>
<p>Distribution de 14h à 16h (la file se forme dès 13h) &#8211; <strong>Point presse dès 13h45</strong></p>
<p>Interviews : Coordinatrice de La Main Tendue, représentante de la Concertation Aide Alimentaire, bénéficiaires qui se présentent (sous réserve d&rsquo;accord de ceux-ci)</p>
<p><em>Rue Piret Pauchet, 57 5000 Namur &#8211; </em><a href="https://www.unemaintendue.be/"><em>https://www.unemaintendue.be/</em></a></p>
<p>&nbsp;</p>
<p><strong>Médias locaux :</strong> possibilité d’organiser un point presse dans un service d’aide alimentaire de votre localité, n’hésitez pas à prendre contact avec nous pour l’organiser.</p>
<h2>CONTACTS PRESSE</h2>
<p><strong>CONCERTATION AIDE ALIMENTAIRE (PROJET PORTÉ PAR LA FÉDÉRATION DES SERVICES SOCIAUX)</strong></p>
<ul>
<li><strong>Lorraine Launois |</strong> 0498 17 52 57 <strong>|</strong> <a href="m&#97;&#x69;&#x6c;&#x74;o&#58;&#108;&#x6f;&#x72;r&#97;&#105;&#x6e;&#x65;&#46;l&#97;&#x75;&#x6e;&#x6f;i&#115;&#x40;&#x66;&#x64;s&#115;&#46;&#x62;&#x65;">&#x6c;o&#x72;&#114;a&#x69;&#110;&#x65;&#46;l&#x61;&#117;&#x6e;&#111;i&#x73;&#64;&#x66;&#x64;s&#x73;&#46;b&#x65;</a></li>
</ul>
<p><em>(Jusqu’au 15 février)</em></p>
<ul>
<li><strong>Brigitte Grisar</strong> <strong>|</strong> 0472 47 30 74 <strong>|</strong> <a href="&#x6d;&#97;i&#x6c;&#116;o&#x3a;&#x62;&#114;&#x69;&#x67;&#105;t&#x74;&#101;&#46;&#x67;&#x72;&#105;&#x73;&#x61;&#114;&#64;&#x66;&#100;s&#x73;&#x2e;&#98;&#x65;">&#98;r&#x69;g&#x69;t&#x74;e&#x2e;g&#x72;i&#x73;&#97;&#x72;&#64;&#x66;&#100;&#x73;&#115;&#x2e;&#98;&#x65;</a></li>
</ul>
<p><em>(À partir du 16 février et durant toute la campagne)</em></p>
<p>&nbsp;</p>
<p><strong>CHARGÉE DE COMMUNICATION (FDSS)</strong></p>
<ul>
<li><strong>Joëlle Van Laethem</strong> <strong>|</strong> 0474 74 67 40 <strong>|</strong> <a href="m&#97;&#x69;&#x6c;t&#111;&#58;&#x6a;&#x6f;e&#108;&#x6c;&#x65;&#46;&#118;&#97;&#x6e;&#x6c;a&#101;&#x74;&#x68;e&#109;&#64;&#x66;&#x64;s&#115;&#x2e;&#x62;e">&#106;&#x6f;&#101;&#x6c;&#108;&#x65;&#46;&#x76;&#97;&#x6e;&#108;&#x61;e&#x74;h&#x65;m&#x40;f&#x64;s&#x73;&#46;&#98;&#x65;</a></li>
</ul>
<p>&nbsp;</p>
<p>&nbsp;</p>
<p>&nbsp;</p>

<p>Dès ce lundi 16 février, les acteurs de l’aide alimentaire en Wallonie et à Bruxelles lancent #FrigoVide, une campagne destinée à visibiliser l’explosion de la précarité alimentaire en Belgique et l’épuisement des services qui tentent d’y répondre. Une carte blanche signée collectivement et publiée dans La Libre, appelle les gouvernements à prendre des mesures urgentes. [&hellip;]</p>
